12 - -10 - 7.
-5
What is the value of -25 + 6 + 10 + 8?
-1
What is -1 + (6 - (7 - -3))?
-5
Evaluate 1 + 0 + -15 + (0 - -17).
3
Calculate -2 - -2 - 5 - (1 - 2).
-4
What is (7 - 5) + 4 + -6?
0
Evaluate 6 + -4 + -4 + 3.
1
Evaluate 1 - ((19 - 7) + -5) - -14.
8
What is (0 - -3 - 3) + 5 + -4?
1
What is the value of (-4 + 10 - 8) + 0 + 2?
0
Calculate 3 + 1 + (-19 - -10).
-5
What is the value of 0 + -1 + 5 + (1 - 2)?
3
-1 + 9 + 1 - 9
0
-2 + 3 + 5 + -3 + -3
0
3 - (4 - (-4 + -1) - 5)
-1
Calculate (1 - 0) + (-122 - -123).
2
What is -6 + (6 - 5) + 7?
2
Calculate 0 + 4 + (33 - 38).
-1
Evaluate 11 + -10 + 9 + (-2 - 1).
7
What is (15 - -1) + 29 + -41?
4
What is (-18 - (8 - 18)) + 16?
8
Evaluate 5 + (-3 - 4) - -5.
3
What is 6 + (-4 - 2) + 4?
4
What is the value of -1 - (-1 + -3 + 1) - 7?
-5
11 - (-12 + 14) - 0
9
Calculate 2 - (-3 + (2 - -5)).
-2
What is 9 + -2 + -21 + 8?
-6
Calculate 9 - (1 + 4) - (1 - 2).
5
6 + -4 - (1 + (-2 - -3))
0
Evaluate 8 + (-2 - -7 - 8).
5
-51 - -46 - (1 - 3)
-3
4 - (6 + -4 + -2)
4
What is -22 + 20 - (-11 + 2)?
7
Evaluate -1 + -3 + (-5 - -2) - -2.
-5
What is the value of 0 + -9 + -5 + 11?
-3
Evaluate (6 - 1) + -10 + 10.
5
What is -1 + (8 - 2) - 10?
-5
What is the value of (0 - 1) + (-7 - (-13 - 3))?
8
Calculate 12 - (2 - 0) - (-2 - -4).
8
What is -2 - (11 - (-1 + 10))?
-4
What is -10 + 1 + 2 + 3?
-4
What is the value of -4 + -2 + (1 - 0) + 5?
0
Evaluate (3 - -1) + -1 + 0.
3
(12 - (6 + 4)) + -1
1
(0 - 2) + 1 - 6 - -5
-2
Evaluate -13 - ((-10 - (4 - 2)) + 6).
-7
What is the value of 16 + -22 - (-1 + 3 - 2)?
-6
-1 - (3 - -2 - (1 - -3))
-2
What is 6 - (-2 + -6 + (-47 - -57))?
4
6 - (7 - (-6 + 0 - -5))
-2
Evaluate -36 - -41 - (-2 + 7 + 1).
-1
Evaluate (-2 - -1) + (1 - 8).
-8
What is (-28 - -26) + -1 + (-2 - 1)?
-6
Evaluate (1 + -2 - -1) + (-119 - -124).
5
-2 - (-3 + -2) - 4 - -1
0
Calculate -1 + 1 + -2 + 0.
-2
What is -6 + (9 - (5 - -3))?
-5
What is 0 - 2 - (3 + -1 - -1)?
-5
Evaluate -4 + (-12 - -2) - -16.
2
Evaluate (-5 - -2 - 7) + 5.
-5
Evaluate 5 + (1 + 0 - -4 - 14).
-4
Calculate (3 + -1 - (-68 - -68)) + 2.
4
Calculate 2 + -2 + -3 + 2 + -2.
-3
Evaluate 14 + -10 + -10 - -6.
0
-2 + (2 + 3 + -8 - -4)
-1
Calculate (1 - 3) + (1 - 0 - 2).
-3
Calculate 2 + 5 - (52 + -50).
5
What is the value of (-5 + 15 - 1) + -5?
4
Evaluate 75 + -77 - (-13 + 2).
9
What is the value of (-4 - -6) + (-4 - -3) - 5?
-4
-2 + 3 + -3 + 5 + -2
1
What is 1 + (-14 - (0 + -7))?
-6
Evaluate 2 + 0 + 0 - (-34 - -39).
-3
Evaluate -3 + 0 - (-4 - (-1 + 4)).
4
What is -2 + 11 + -8 - 0?
1
(8 - 9) + (15 - 5) - 3
6
What is -2 + (1 - 1 - -3 - 2)?
-1
Evaluate -5 - (-15 + 5 - -1).
4
What is 6 - 3 - 0 - -1?
4
What is the value of (0 - (4 - 0) - -8) + -7?
-3
Calculate -5 + (2 - (-1 - -5 - 5)).
-2
Calculate (7 - (6 + 5 + -5)) + -5.
-4
What is -1 + 0 + (0 + 2 - 0)?
1
Evaluate -7 + (6 - -2) + -5.
-4
What is 1 + -2 + -2 - -4?
1
Calculate (-9 - -9) + 1 + (-1 - 0).
0
Evaluate -5 - (-8 - (12 + -5 - 4)).
6
What is (0 - 1) + -27 + 18 + 12?
2
(7 - 1) + -4 + 4
6
What is the value of -3 - (2 - (-3 + -3)) - -7?
-4
Evaluate (-3 - (-1 - -9)) + 6.
-5
What is the value of 2 - (-2 + 3 + 2)?
-1
What is the value of 2 + 3 + -1 + -7 + -1?
-4
Evaluate 4 + -12 + 5 + 3.
0
(5 - 1) + -6 + 3
1
31 - 27 - (11 + 1)
-8
(2 - 4) + (3 - (-5 + 4))
2
(-2 - 2) + (1 - -7)
4
What is 6 + -1 + (-2 - 5)?
-2
0 - (2 + (-2 - 2 - -4))
-2
What is the value of -184 + 177 - (-5 + -1)?
-1
What is -5 + (8 - 1) - 1?
1
Calculate 2 + -10 + (6 - -5 - 7).
-4
(16 - (-1 - -11)) + -8
-2
-5 + (-2 - -7) + -5
-5
5 + -1 - (10 - (2 + 2))
-2
Calculate 0 + -3 + 10 + -2.
5
Evaluate -10 - -29 - 6 - 11.
2
Calculate -4 + (0 - (-3 + 5)) - -4.
-2
Calculate (-6 + -10 - -6) + 1.
-9
Evaluate 0 + -6 + (3 - 6 - -4).
-5
7 - (12 - 7) - 5
-3
Calculate 4 + 3 + -1 - (3 + -1).
4
Calculate 5 + (3 + 1 + -5 - 3).
1
Evaluate (-2 - -3 - 0) + -25 + 22.
-2
(-3 - (4 + -9 + 1)) + -6
-5
What is 6 + (6 - (16 - 6))?
2
Evaluate 12 + -6 - (1 + -1 + 3).
3
Evaluate -4 - ((-1 - 0) + -2 + 3).
-4
(9 - -3) + 11 + -19
4
8 - (3 + -1) - 4
2
Calculate -10 + 5 - ((-2 - 3) + -1).
1
What is the value of -14 + (15 - (-6 - -14))?
-7
What is the value of (1 - -6) + 6 + -24 + 18?
7
What is -2 + 4 + (-2 + 15 - 14)?
1
What is the value of -3 + (6 - ((8 - 3) + -3))?
1
Calculate 0 + 5 - 8 - -8.
5
-5 - (-1 + -5 + 8)
-7
What is the value of 5 - (14 - 4) - 1 - -2?
-4
-7 + 3 + -2 + 3 + 4
1
What is 7 - ((5 - 7) + 12)?
-3
Evaluate -78 + 77 + (-4 + -1 - -1).
-5
Evaluate -1 - (2 - (-3 + 2)).
-4
Evaluate 0 + (-1 - -2 - (1 - -3)).
-3
What is the value of -9 - ((-7 - 2) + 2)?
-2
Calculate (-6 - -1) + -7 + 9 - -2.
-1
Calculate 10 + (15 - 26) + -8.
-9
(24 - 27) + (-1 - (1 - 0))
-5
What is the value of -1 + -9 + (-2 - -6) - -2?
-4
What is the value of (2 - 4) + -7 - -4?
-5
(-3 - 3 - -2) + 4
0
What is the value of 5 - 4 - 3 - -3?
1
Evaluate 5 - -5 - 7 - (0 - 1).
4
Evaluate 5 - (6 + (-8 - -6)).
1
What is -6 + -1 + 18 + -14?
-3
What is -1 + 1 - (12 + -9) - -4?
1
Evaluate 11 + -2 - (0 - -4).
5
What is -5 + (9 - 5 - 3 - -4)?
0
(1 + -1 - 3) + (-2 - -1)
-4
What is the value of -2 + (5 - (5 - (7 + -6)))?
-1
(0 - -3) + -3 + -3 - -1
-2
What is the value of (6 - 5) + 10 + -8?
3
What is the value of -11 - (-3 + -4) - 1?
-5
What is (0 - (-2 + 3 + -5)) + -8?
-4
1 + (0 - -11) - (-5 - -11)
6
Calculate 2 - (6 + (-5 - -4) + 1).
-4
What is the value of 1 + -1 - 3 - 0 - 2?
-5
-4 - (-10 + 0) - 5 - 8
-7
Evaluate 2 - (5 + 2 + 2 + -4).
-3
What is the value of -2 + 2 + 1 + -4?
-3
What is -7 + (-5 - -3) + 6?
-3
Calculate (14 - 11) + -5 + -1.
-3
Calculate 5 + -6 + -3 - 1.
-5
Evaluate 0 - (-4 + 4 - 0) - -4.
4
(1 - -6) + -4 + 3
6
Evaluate (-23 - -20) + 0 + 4 + 0.
1
What is -1 + 3 + 1 - (2 - 1)?
2
(-5 - (-3 + 4 + -2)) + -1
-5
What is 15 + (6 - 29) - -8?
0
What is the value of (5 - 4 - 0) + (-1 - -3)?
3
Evaluate 1 - -2 - (-31 + 30).
4
Calculate (-4 - -1) + (-5 - -3).
-5
-69 + 65 - (-8 + 0 + 1)
3
What is -6 + (2 - (-4 - 0) - -6)?
6
Calculate (4 - 0) + (-4 - (4 + -7)).
3
What is the value of 8 + (-2 - -7 - 14)?
-1
Calculate -2 + 2 + -9 + (0 - -3).
-6
Calculate -3 + (15 - (11 + -3)).
4
-6 + (5 - 2) + 1
-2
What is the value of 1 + 5 + (7 - (-12 + 16))?
9
What is (4 - (9 + -10)) + (-4 - -1)?
2
Evaluate 0 + (3 - 2 - 3) - 5.
-7
What is the value of -1 - ((1 - 1) + -4)?
3
Evaluate 7 + -1 + (-17 - -34 - 16).
7
What is the value of -1 + (-4 - (-2 + -2) - 5)?
-6
Evaluate -4 + (-5 - (-3 - (9 + 0))).
3
0 - -4 - 5 - (-4 - -5)
-2
What is 5 + (-3 + (2 - -5) - 5)?
4
-3 + 1 + (4 - (2 - -5))
-5
Calculate (-3 - (-7 + -5)) + -6.
3
What is the value of -5 - (-14 + 14 + -5)?
0
What is the value of (5 - 2 - -1) + -2?
2
-5 + -22 + 18 - (-3 - 0)
-6
Evaluate -2 + (2 - -6 - 1) - 11.
-6
-8 + 13 + 3 + -10
-2
What is -6 + (-8 - (8 - 23 - -8))?
-7
Calculate -1 - ((8 - 13) + 9).
-5
-16 + 9 + (1 - -2)
-4
Calculate 5 + (4 - ((6 - 4) + 6)).
1
Calculate -2 + 5 + 10 + -2 + -9.
2
Evaluate 5 - (3 + (5 - -2)).
-5
(-2 - 0 - -1) + -2
-3
6 - ((-2 - 3) + 2 + 10)
-1
Calculate (-7 - (-2 - 0)) + 47 + -51.
-9
2 + 4 + -3 - (60 + -56)
-1
What is 7 - (-5 - -3) - 6 - -2?
5
Evaluate -3 + 8 - (20 - 7).
-8
Calculate (0 - (3 - 10)) + 1 + -18.
-10
What is the value of 11 - (-8 - 3 - -22)?
0
Evaluate 0 + (4 - 0) - 10.
-6
What is the value of -5 + 0 - ((6 - 8) + 1)?
-4
Evaluate -2 + (-4 - -9) + 2 - 0.
5
What is the value of -3 - (2 + -1 + 1) - -8?
3
-5 + (1 - (-1 + 2) - 0)
-5
Calculate 4 - (1 + 7 + 4 - 2).
-6
(1 - (3 + -5 - 1)) + -3
1
Evaluate 1 + (0 + -1 - -1).
1
Evaluate (-3 + 10 - 2) + -1.
4
Calculate -2 + -4 + 3 - (-1 - 1).
-1
11 + (-16 + 8 - -2) + -1
4
What is the value of 12 + -7 + (-4 + 8 - 2)?
7
Calculate 8 + 1 + 14 + -20 + 0.
3
-2 + (-8 - (-2 + 0)) + 16
8
1 + 5 + 0 - 4
2
What is (0 - (0 - (-2 + -1))) + -1?
-4
Calculate -2 - (-5 - 2) - 8.
-3
Evaluate 0 - (-5 + (7 - 4)).
2
-11 + 5 + 0 - (0 + -3)
-3
What is (4 - (-3 + 11)) + 1?
-3
What is 2 - (-3 + -3 - -8)?
0
What is the value of 7 - (0 + 3 + 3 + -6)?
7
What is 2 + (6 - (3 - 0)) + -3?
2
Calculate 0 - -3 - ((-4 - -11) + -5).
1
(0 - 7) + 8 + -2
-1
What is 2 + -4 + -2 - -3?
-1
14 + (-13 + 5 - -4) - 3
7
What is -1 + (-1 - (0 + (6 - 6)))?
-2
What is the value of -1 + (-15 - -6 - -12)?
2
What is (0 + 2 - -2) + -3 + 5?
6
What is -9 + 0 - (-23 - -10)?
4
What is the value of 0 + -2 + 2 - (-5 + 2)?
3
What is 37 - 32 - ((-2 - -1) + 11)?
-5
What is the va